{"version":"1.0","provider_name":"Le blog de Fran\u00e7oise Keller","provider_url":"https:\/\/concertience.fr\/leblog","title":"Premier bilan du Forum Concertience 2014 - Le blog de Fran\u00e7oise Keller","type":"rich","width":600,"height":338,"html":"<blockquote class=\"wp-embedded-content\" data-secret=\"tDfFfUiqWo\"><a href=\"https:\/\/concertience.fr\/leblog\/premier-bilan-du-forum-concertience-2014\/\">Premier bilan du Forum Concertience 2014<\/a><\/blockquote><iframe sandbox=\"allow-scripts\" security=\"restricted\" src=\"https:\/\/concertience.fr\/leblog\/premier-bilan-du-forum-concertience-2014\/embed\/#?secret=tDfFfUiqWo\" width=\"600\" height=\"338\" title=\"\u00ab\u00a0Premier bilan du Forum Concertience 2014\u00a0\u00bb &#8212; Le blog de Fran\u00e7oise Keller\" data-secret=\"tDfFfUiqWo\" frameborder=\"0\" marginwidth=\"0\" marginheight=\"0\" scrolling=\"no\" class=\"wp-embedded-content\"><\/iframe><script type=\"text\/javascript\">\n\/* <![CDATA[ *\/\n\/*! This file is auto-generated *\/\n!function(d,l){\"use strict\";l.querySelector&&d.addEventListener&&\"undefined\"!=typeof URL&&(d.wp=d.wp||{},d.wp.receiveEmbedMessage||(d.wp.receiveEmbedMessage=function(e){var t=e.data;if((t||t.secret||t.message||t.value)&&!\/[^a-zA-Z0-9]\/.test(t.secret)){for(var s,r,n,a=l.querySelectorAll('iframe[data-secret=\"'+t.secret+'\"]'),o=l.querySelectorAll('blockquote[data-secret=\"'+t.secret+'\"]'),c=new RegExp(\"^https?:$\",\"i\"),i=0;i<o.length;i++)o[i].style.display=\"none\";for(i=0;i<a.length;i++)s=a[i],e.source===s.contentWindow&&(s.removeAttribute(\"style\"),\"height\"===t.message?(1e3<(r=parseInt(t.value,10))?r=1e3:~~r<200&&(r=200),s.height=r):\"link\"===t.message&&(r=new URL(s.getAttribute(\"src\")),n=new URL(t.value),c.test(n.protocol))&&n.host===r.host&&l.activeElement===s&&(d.top.location.href=t.value))}},d.addEventListener(\"message\",d.wp.receiveEmbedMessage,!1),l.addEventListener(\"DOMContentLoaded\",function(){for(var e,t,s=l.querySelectorAll(\"iframe.wp-embedded-content\"),r=0;r<s.length;r++)(t=(e=s[r]).getAttribute(\"data-secret\"))||(t=Math.random().toString(36).substring(2,12),e.src+=\"#?secret=\"+t,e.setAttribute(\"data-secret\",t)),e.contentWindow.postMessage({message:\"ready\",secret:t},\"*\")},!1)))}(window,document);\n\/\/# sourceURL=https:\/\/concertience.fr\/leblog\/wp-includes\/js\/wp-embed.min.js\n\/* ]]> *\/\n<\/script>\n","description":"\u00a0 90 personnes se sont retrouv\u00e9es \u00e0 l&rsquo;Espace Ecully le 24 octobre pour le premier Forum Concertience autour du th\u00e8me \u00ab\u00a0Aller plus loin pour vivre des organisations bienveillantes, dynamiques et inspirantes\u00a0\u00bb. La journ\u00e9e, initi\u00e9e par Fran\u00e7oise Keller et anim\u00e9e par D\u00e9borah Maarek \u00a0(Awareness) fut une journ\u00e9e riche pour tous les participants : Echanges autour des... Lire plus &raquo;","thumbnail_url":"https:\/\/mlkqhmyobbaq.i.optimole.com\/w:1024\/h:683\/q:mauto\/ig:avif\/https:\/\/concertience.fr\/leblog\/wp-content\/uploads\/sites\/2\/2020\/03\/Forum-Ouvert-Concertience-1.jpg"}

Le blog de Françoise Keller

Premier bilan du Forum Concertience 2014 - Le blog de Françoise Keller

<blockquote class="wp-embedded-content" data-secret="tDfFfUiqWo"><a href="https://concertience.fr/leblog/premier-bilan-du-forum-concertience-2014/">Premier bilan du Forum Concertience 2014</a></blockquote><iframe sandbox="allow-scripts" security="restricted" src="https://concertience.fr/leblog/premier-bilan-du-forum-concertience-2014/embed/#?secret=tDfFfUiqWo" width="600" height="338" title="« Premier bilan du Forum Concertience 2014 » &#8212; Le blog de Françoise Keller" data-secret="tDfFfUiqWo" frameborder="0" marginwidth="0" marginheight="0" scrolling="no" class="wp-embedded-content"></iframe><script type="text/javascript">
/* <![CDATA[ */
/*! This file is auto-generated */
!function(d,l){"use strict";l.querySelector&&d.addEventListener&&"undefined"!=typeof URL&&(d.wp=d.wp||{},d.wp.receiveEmbedMessage||(d.wp.receiveEmbedMessage=function(e){var t=e.data;if((t||t.secret||t.message||t.value)&&!/[^a-zA-Z0-9]/.test(t.secret)){for(var s,r,n,a=l.querySelectorAll('iframe[data-secret="'+t.secret+'"]'),o=l.querySelectorAll('blockquote[data-secret="'+t.secret+'"]'),c=new RegExp("^https?:$","i"),i=0;i<o.length;i++)o[i].style.display="none";for(i=0;i<a.length;i++)s=a[i],e.source===s.contentWindow&&(s.removeAttribute("style"),"height"===t.message?(1e3<(r=parseInt(t.value,10))?r=1e3:~~r<200&&(r=200),s.height=r):"link"===t.message&&(r=new URL(s.getAttribute("src")),n=new URL(t.value),c.test(n.protocol))&&n.host===r.host&&l.activeElement===s&&(d.top.location.href=t.value))}},d.addEventListener("message",d.wp.receiveEmbedMessage,!1),l.addEventListener("DOMContentLoaded",function(){for(var e,t,s=l.querySelectorAll("iframe.wp-embedded-content"),r=0;r<s.length;r++)(t=(e=s[r]).getAttribute("data-secret"))||(t=Math.random().toString(36).substring(2,12),e.src+="#?secret="+t,e.setAttribute("data-secret",t)),e.contentWindow.postMessage({message:"ready",secret:t},"*")},!1)))}(window,document);
//# sourceURL=https://concertience.fr/leblog/wp-includes/js/wp-embed.min.js
/* ]]> */
</script>

90 personnes se sont retrouvées à l&rsquo;Espace Ecully le 24 octobre pour le premier Forum Concertience autour du thème « Aller plus loin pour vivre des organisations bienveillantes, dynamiques et inspirantes ». La journée, initiée par Françoise Keller et animée par Déborah Maarek  (Awareness) fut une journée riche pour tous les participants : Echanges autour des... Lire plus &raquo;
