{"version":"1.0","provider_name":"Le blog de Fran\u00e7oise Keller","provider_url":"https:\/\/concertience.fr\/leblog","title":"Formation aux cercles restauratifs - Lyon - Dominic Barter - Le blog de Fran\u00e7oise Keller","type":"rich","width":600,"height":338,"html":"<blockquote class=\"wp-embedded-content\" data-secret=\"GKA9MGlboB\"><a href=\"https:\/\/concertience.fr\/leblog\/formation-aux-cercles-restauratifs-lyon-dominic-barter\/\">Formation aux cercles restauratifs &#8211; Lyon &#8211; Dominic Barter<\/a><\/blockquote><iframe sandbox=\"allow-scripts\" security=\"restricted\" src=\"https:\/\/concertience.fr\/leblog\/formation-aux-cercles-restauratifs-lyon-dominic-barter\/embed\/#?secret=GKA9MGlboB\" width=\"600\" height=\"338\" title=\"\u00ab\u00a0Formation aux cercles restauratifs &#8211; Lyon &#8211; Dominic Barter\u00a0\u00bb &#8212; Le blog de Fran\u00e7oise Keller\" data-secret=\"GKA9MGlboB\" frameborder=\"0\" marginwidth=\"0\" marginheight=\"0\" scrolling=\"no\" class=\"wp-embedded-content\"><\/iframe><script type=\"text\/javascript\">\n\/* <![CDATA[ *\/\n\/*! This file is auto-generated *\/\n!function(d,l){\"use strict\";l.querySelector&&d.addEventListener&&\"undefined\"!=typeof URL&&(d.wp=d.wp||{},d.wp.receiveEmbedMessage||(d.wp.receiveEmbedMessage=function(e){var t=e.data;if((t||t.secret||t.message||t.value)&&!\/[^a-zA-Z0-9]\/.test(t.secret)){for(var s,r,n,a=l.querySelectorAll('iframe[data-secret=\"'+t.secret+'\"]'),o=l.querySelectorAll('blockquote[data-secret=\"'+t.secret+'\"]'),c=new RegExp(\"^https?:$\",\"i\"),i=0;i<o.length;i++)o[i].style.display=\"none\";for(i=0;i<a.length;i++)s=a[i],e.source===s.contentWindow&&(s.removeAttribute(\"style\"),\"height\"===t.message?(1e3<(r=parseInt(t.value,10))?r=1e3:~~r<200&&(r=200),s.height=r):\"link\"===t.message&&(r=new URL(s.getAttribute(\"src\")),n=new URL(t.value),c.test(n.protocol))&&n.host===r.host&&l.activeElement===s&&(d.top.location.href=t.value))}},d.addEventListener(\"message\",d.wp.receiveEmbedMessage,!1),l.addEventListener(\"DOMContentLoaded\",function(){for(var e,t,s=l.querySelectorAll(\"iframe.wp-embedded-content\"),r=0;r<s.length;r++)(t=(e=s[r]).getAttribute(\"data-secret\"))||(t=Math.random().toString(36).substring(2,12),e.src+=\"#?secret=\"+t,e.setAttribute(\"data-secret\",t)),e.contentWindow.postMessage({message:\"ready\",secret:t},\"*\")},!1)))}(window,document);\n\/\/# sourceURL=https:\/\/concertience.fr\/leblog\/wp-includes\/js\/wp-embed.min.js\n\/* ]]> *\/\n<\/script>\n","thumbnail_url":"https:\/\/mlkqhmyobbaq.i.optimole.com\/w:auto\/h:auto\/q:mauto\/ig:avif\/https:\/\/concertience.fr\/leblog\/wp-content\/uploads\/sites\/2\/2015\/01\/Cercle.png","thumbnail_width":80,"thumbnail_height":87,"description":"Nous avons la joie d&rsquo;annoncer la vue exceptionnelle de Dominic Barter \u00e0 Lyon. Il animera une conf\u00e9rence et plusieurs formations du 23 au 28 janvier 2015. Dominic Barter vit au Br\u00e9sil. Dans les ann\u00e9es 1990, avec des habitants des favelas de Rio de Janeiro, il a initi\u00e9 l&rsquo;approche des Cercles Restauratifs&nbsp;(Circulos Restaurativos), pour offrir une... Lire plus &raquo;"}

Le blog de Françoise Keller

Formation aux cercles restauratifs - Lyon - Dominic Barter - Le blog de Françoise Keller

<blockquote class="wp-embedded-content" data-secret="GKA9MGlboB"><a href="https://concertience.fr/leblog/formation-aux-cercles-restauratifs-lyon-dominic-barter/">Formation aux cercles restauratifs &#8211; Lyon &#8211; Dominic Barter</a></blockquote><iframe sandbox="allow-scripts" security="restricted" src="https://concertience.fr/leblog/formation-aux-cercles-restauratifs-lyon-dominic-barter/embed/#?secret=GKA9MGlboB" width="600" height="338" title="« Formation aux cercles restauratifs &#8211; Lyon &#8211; Dominic Barter » &#8212; Le blog de Françoise Keller" data-secret="GKA9MGlboB" frameborder="0" marginwidth="0" marginheight="0" scrolling="no" class="wp-embedded-content"></iframe><script type="text/javascript">
/* <![CDATA[ */
/*! This file is auto-generated */
!function(d,l){"use strict";l.querySelector&&d.addEventListener&&"undefined"!=typeof URL&&(d.wp=d.wp||{},d.wp.receiveEmbedMessage||(d.wp.receiveEmbedMessage=function(e){var t=e.data;if((t||t.secret||t.message||t.value)&&!/[^a-zA-Z0-9]/.test(t.secret)){for(var s,r,n,a=l.querySelectorAll('iframe[data-secret="'+t.secret+'"]'),o=l.querySelectorAll('blockquote[data-secret="'+t.secret+'"]'),c=new RegExp("^https?:$","i"),i=0;i<o.length;i++)o[i].style.display="none";for(i=0;i<a.length;i++)s=a[i],e.source===s.contentWindow&&(s.removeAttribute("style"),"height"===t.message?(1e3<(r=parseInt(t.value,10))?r=1e3:~~r<200&&(r=200),s.height=r):"link"===t.message&&(r=new URL(s.getAttribute("src")),n=new URL(t.value),c.test(n.protocol))&&n.host===r.host&&l.activeElement===s&&(d.top.location.href=t.value))}},d.addEventListener("message",d.wp.receiveEmbedMessage,!1),l.addEventListener("DOMContentLoaded",function(){for(var e,t,s=l.querySelectorAll("iframe.wp-embedded-content"),r=0;r<s.length;r++)(t=(e=s[r]).getAttribute("data-secret"))||(t=Math.random().toString(36).substring(2,12),e.src+="#?secret="+t,e.setAttribute("data-secret",t)),e.contentWindow.postMessage({message:"ready",secret:t},"*")},!1)))}(window,document);
//# sourceURL=https://concertience.fr/leblog/wp-includes/js/wp-embed.min.js
/* ]]> */
</script>

Nous avons la joie d&rsquo;annoncer la vue exceptionnelle de Dominic Barter à Lyon. Il animera une conférence et plusieurs formations du 23 au 28 janvier 2015. Dominic Barter vit au Brésil. Dans les années 1990, avec des habitants des favelas de Rio de Janeiro, il a initié l&rsquo;approche des Cercles Restauratifs&nbsp;(Circulos Restaurativos), pour offrir une... Lire plus &raquo;
